{"id":97,"date":"2025-09-22T18:20:52","date_gmt":"2025-09-22T18:20:52","guid":{"rendered":"https:\/\/iku-slovenia-2026.si\/?page_id=97"},"modified":"2025-10-15T13:49:14","modified_gmt":"2025-10-15T13:49:14","slug":"kraji-za-obisk","status":"publish","type":"page","link":"https:\/\/iku-slovenia-2026.si\/?page_id=97","title":{"rendered":"KRAJI ZA OBISK"},"content":{"rendered":"\n<blockquote class=\"wp-block-quote is-layout-flow wp-block-quote-is-layout-flow\">\n<h2 class=\"wp-block-heading\">KRAJI ZA OBISK<\/h2>\n\n\n\n<h3 class=\"wp-block-heading\">Do\u017eivite Koper in Slovenijo med svetovnim prvenstvom v karateju 2026<\/h3>\n\n\n\n<p>Svetovno prvenstvo v karateju 2026 v Kopru ne bo le \u0161portni dogodek \u2013 bo prilo\u017enost, da odkrijete \u010dudovito slovensko Istro in bli\u017enje znamenitosti! Podalj\u0161ajte svoj obisk in do\u017eivite morje, zgodovino, kulinariko in naravo, kot je nikjer drugje.<\/p>\n\n\n\n<h5 class=\"wp-block-heading\">Koper \u2013 biser slovenske obale<\/h5>\n\n\n\n<ul class=\"wp-block-list\">\n<li>Titov trg&nbsp;z veli\u010dastno&nbsp;Pretorsko pala\u010do<\/li>\n\n\n\n<li>Stolnica sv. Nazarija&nbsp;\u2013 najstarej\u0161a v Sloveniji<\/li>\n\n\n\n<li>Obmorski sprehod, tr\u017enica in pristno mediteransko vzdu\u0161je<\/li>\n\n\n\n<li>Pokrajinski muzej Koper, ki razkriva zgodbe tiso\u010dletij<\/li>\n\n\n\n<li>Koper zdru\u017euje bogato bene\u0161ko dedi\u0161\u010dino, sodoben utrip in spro\u0161\u010deno obmorsko energijo.<\/li>\n<\/ul>\n\n\n\n<h5 class=\"wp-block-heading\">Iz obale v srce Mediterana<\/h5>\n\n\n\n<ul class=\"wp-block-list\">\n<li>Piran&nbsp;\u2013 romanti\u010dno mesto z ozkimi ulicami in Tartinijevim trgom<\/li>\n\n\n\n<li>Izola&nbsp;\u2013 nekdanja ribi\u0161ka vas s pristno istrsko kulinariko<\/li>\n\n\n\n<li>Portoro\u017e&nbsp;\u2013 elegantno letovi\u0161\u010de z wellness ponudbo in \u017eivahnim no\u010dnim \u017eivljenjem<\/li>\n\n\n\n<li>Tri mesta, tri zgodbe \u2013 vsaka s svojim \u010darom.<\/li>\n<\/ul>\n\n\n\n<h5 class=\"wp-block-heading\">Od morja do Krasa<\/h5>\n\n\n\n<ul class=\"wp-block-list\">\n<li>Postojnska jama&nbsp;\u2013 svetovno znano kra\u0161ko \u010dudo<\/li>\n\n\n\n<li>Predjamski grad&nbsp;\u2013 pravlji\u010dni grad v skali<\/li>\n\n\n\n<li>\u0160kocjanske jame (UNESCO)&nbsp;\u2013 veli\u010dastno podzemno kraljestvo<\/li>\n\n\n\n<li>Kras in Slovenska Istra&nbsp;\u2013 dom pr\u0161uta, vina terana, olj\u010dnega olja in tartufov<\/li>\n\n\n\n<li>Idealno za enodnevne izlete med tekmovanjem ali po njem!<\/li>\n<\/ul>\n\n\n\n<h5 class=\"wp-block-heading\">Okusite Istro<\/h5>\n\n\n\n<ul class=\"wp-block-list\">\n<li>Prepustite se okusom doma\u010de Istre \u2013 olj\u010dno olje, vino, tartufi in sve\u017ee morske jedi. Lokalni vodniki vam bodo pomagali odkriti skrite bisere istrske kulinarike in vinskih cest.<\/li>\n<\/ul>\n\n\n\n<h5 class=\"wp-block-heading\">Na\u010drtujete ogled?<\/h5>\n\n\n\n<ul class=\"wp-block-list\">\n<li>Z veseljem vam pomagamo na\u010drtovati\u00a0izlet po meri\u00a0\u2013 od kulturnih ogledov do kulinari\u010dnih do\u017eivetij. Na\u0161a ekipa vam bo svetovala in poiskala\u00a0najbolj\u0161o ponudbo\u00a0glede na va\u0161e \u017eelje, \u010das in prora\u010dun.<\/li>\n<\/ul>\n\n\n\n<h3 class=\"wp-block-heading has-text-align-center\"><mark style=\"background-color:rgba(0, 0, 0, 0)\" class=\"has-inline-color has-primary-color\">Po\u0161ljite povpra\u0161evanje<\/mark><\/h3>\n<\/blockquote>\n","protected":false},"excerpt":{"rendered":"","protected":false},"author":1,"featured_media":0,"parent":0,"menu_order":0,"comment_status":"closed","ping_status":"closed","template":"","meta":{"pagelayer_contact_templates":[],"_pagelayer_content":"","footnotes":""},"class_list":["post-97","page","type-page","status-publish","hentry"],"yoast_head":"<!-- This site is optimized with the Yoast SEO plugin v25.9 - https:\/\/yoast.com\/wordpress\/plugins\/seo\/ -->\n<title>KRAJI ZA OBISK - IKU KARATE 2026<\/title>\n<meta name=\"robots\" content=\"index, follow, max-snippet:-1, max-image-preview:large, max-video-preview:-1\" \/>\n<link rel=\"canonical\" href=\"https:\/\/iku-slovenia-2026.si\/?page_id=97\" \/>\n<meta property=\"og:locale\" content=\"en_US\" \/>\n<meta property=\"og:type\" content=\"article\" \/>\n<meta property=\"og:title\" content=\"KRAJI ZA OBISK - IKU KARATE 2026\" \/>\n<meta property=\"og:url\" content=\"https:\/\/iku-slovenia-2026.si\/?page_id=97\" \/>\n<meta property=\"og:site_name\" content=\"IKU KARATE 2026\" \/>\n<meta property=\"article:publisher\" content=\"https:\/\/www.facebook.com\/people\/Karate-klub-Novo-mesto-Karate-klub-rnomelj\/\" \/>\n<meta property=\"article:modified_time\" content=\"2025-10-15T13:49:14+00:00\" \/>\n<meta name=\"twitter:card\" content=\"summary_large_image\" \/>\n<script type=\"application\/ld+json\" class=\"yoast-schema-graph\">{\"@context\":\"https:\/\/schema.org\",\"@graph\":[{\"@type\":\"WebPage\",\"@id\":\"https:\/\/iku-slovenia-2026.si\/?page_id=97\",\"url\":\"https:\/\/iku-slovenia-2026.si\/?page_id=97\",\"name\":\"KRAJI ZA OBISK - IKU KARATE 2026\",\"isPartOf\":{\"@id\":\"https:\/\/iku-slovenia-2026.si\/#website\"},\"datePublished\":\"2025-09-22T18:20:52+00:00\",\"dateModified\":\"2025-10-15T13:49:14+00:00\",\"breadcrumb\":{\"@id\":\"https:\/\/iku-slovenia-2026.si\/?page_id=97#breadcrumb\"},\"inLanguage\":\"en-US\",\"potentialAction\":[{\"@type\":\"ReadAction\",\"target\":[\"https:\/\/iku-slovenia-2026.si\/?page_id=97\"]}]},{\"@type\":\"BreadcrumbList\",\"@id\":\"https:\/\/iku-slovenia-2026.si\/?page_id=97#breadcrumb\",\"itemListElement\":[{\"@type\":\"ListItem\",\"position\":1,\"name\":\"Home\",\"item\":\"https:\/\/iku-slovenia-2026.si\/\"},{\"@type\":\"ListItem\",\"position\":2,\"name\":\"KRAJI ZA OBISK\"}]},{\"@type\":\"WebSite\",\"@id\":\"https:\/\/iku-slovenia-2026.si\/#website\",\"url\":\"https:\/\/iku-slovenia-2026.si\/\",\"name\":\"iku-slovenia-2026\",\"description\":\"\",\"publisher\":{\"@id\":\"https:\/\/iku-slovenia-2026.si\/#organization\"},\"potentialAction\":[{\"@type\":\"SearchAction\",\"target\":{\"@type\":\"EntryPoint\",\"urlTemplate\":\"https:\/\/iku-slovenia-2026.si\/?s={search_term_string}\"},\"query-input\":{\"@type\":\"PropertyValueSpecification\",\"valueRequired\":true,\"valueName\":\"search_term_string\"}}],\"inLanguage\":\"en-US\"},{\"@type\":\"Organization\",\"@id\":\"https:\/\/iku-slovenia-2026.si\/#organization\",\"name\":\"iku-slovenia-2026\",\"url\":\"https:\/\/iku-slovenia-2026.si\/\",\"logo\":{\"@type\":\"ImageObject\",\"inLanguage\":\"en-US\",\"@id\":\"https:\/\/iku-slovenia-2026.si\/#\/schema\/logo\/image\/\",\"url\":\"https:\/\/iku-slovenia-2026.si\/wp-content\/uploads\/2025\/09\/cropped-IZSEK-CGP-WORLD-CHAMPIONSHIP-1.png\",\"contentUrl\":\"https:\/\/iku-slovenia-2026.si\/wp-content\/uploads\/2025\/09\/cropped-IZSEK-CGP-WORLD-CHAMPIONSHIP-1.png\",\"width\":2000,\"height\":1413,\"caption\":\"iku-slovenia-2026\"},\"image\":{\"@id\":\"https:\/\/iku-slovenia-2026.si\/#\/schema\/logo\/image\/\"},\"sameAs\":[\"https:\/\/www.facebook.com\/people\/Karate-klub-Novo-mesto-Karate-klub-rnomelj\/\",\"https:\/\/www.youtube.com\/\",\"https:\/\/www.linkedin.com\/\"]}]}<\/script>\n<!-- \/ Yoast SEO plugin. -->","yoast_head_json":{"title":"KRAJI ZA OBISK - IKU KARATE 2026","robots":{"index":"index","follow":"follow","max-snippet":"max-snippet:-1","max-image-preview":"max-image-preview:large","max-video-preview":"max-video-preview:-1"},"canonical":"https:\/\/iku-slovenia-2026.si\/?page_id=97","og_locale":"en_US","og_type":"article","og_title":"KRAJI ZA OBISK - IKU KARATE 2026","og_url":"https:\/\/iku-slovenia-2026.si\/?page_id=97","og_site_name":"IKU KARATE 2026","article_publisher":"https:\/\/www.facebook.com\/people\/Karate-klub-Novo-mesto-Karate-klub-rnomelj\/","article_modified_time":"2025-10-15T13:49:14+00:00","twitter_card":"summary_large_image","schema":{"@context":"https:\/\/schema.org","@graph":[{"@type":"WebPage","@id":"https:\/\/iku-slovenia-2026.si\/?page_id=97","url":"https:\/\/iku-slovenia-2026.si\/?page_id=97","name":"KRAJI ZA OBISK - IKU KARATE 2026","isPartOf":{"@id":"https:\/\/iku-slovenia-2026.si\/#website"},"datePublished":"2025-09-22T18:20:52+00:00","dateModified":"2025-10-15T13:49:14+00:00","breadcrumb":{"@id":"https:\/\/iku-slovenia-2026.si\/?page_id=97#breadcrumb"},"inLanguage":"en-US","potentialAction":[{"@type":"ReadAction","target":["https:\/\/iku-slovenia-2026.si\/?page_id=97"]}]},{"@type":"BreadcrumbList","@id":"https:\/\/iku-slovenia-2026.si\/?page_id=97#breadcrumb","itemListElement":[{"@type":"ListItem","position":1,"name":"Home","item":"https:\/\/iku-slovenia-2026.si\/"},{"@type":"ListItem","position":2,"name":"KRAJI ZA OBISK"}]},{"@type":"WebSite","@id":"https:\/\/iku-slovenia-2026.si\/#website","url":"https:\/\/iku-slovenia-2026.si\/","name":"iku-slovenia-2026","description":"","publisher":{"@id":"https:\/\/iku-slovenia-2026.si\/#organization"},"potentialAction":[{"@type":"SearchAction","target":{"@type":"EntryPoint","urlTemplate":"https:\/\/iku-slovenia-2026.si\/?s={search_term_string}"},"query-input":{"@type":"PropertyValueSpecification","valueRequired":true,"valueName":"search_term_string"}}],"inLanguage":"en-US"},{"@type":"Organization","@id":"https:\/\/iku-slovenia-2026.si\/#organization","name":"iku-slovenia-2026","url":"https:\/\/iku-slovenia-2026.si\/","logo":{"@type":"ImageObject","inLanguage":"en-US","@id":"https:\/\/iku-slovenia-2026.si\/#\/schema\/logo\/image\/","url":"https:\/\/iku-slovenia-2026.si\/wp-content\/uploads\/2025\/09\/cropped-IZSEK-CGP-WORLD-CHAMPIONSHIP-1.png","contentUrl":"https:\/\/iku-slovenia-2026.si\/wp-content\/uploads\/2025\/09\/cropped-IZSEK-CGP-WORLD-CHAMPIONSHIP-1.png","width":2000,"height":1413,"caption":"iku-slovenia-2026"},"image":{"@id":"https:\/\/iku-slovenia-2026.si\/#\/schema\/logo\/image\/"},"sameAs":["https:\/\/www.facebook.com\/people\/Karate-klub-Novo-mesto-Karate-klub-rnomelj\/","https:\/\/www.youtube.com\/","https:\/\/www.linkedin.com\/"]}]}},"_links":{"self":[{"href":"https:\/\/iku-slovenia-2026.si\/index.php?rest_route=\/wp\/v2\/pages\/97","targetHints":{"allow":["GET"]}}],"collection":[{"href":"https:\/\/iku-slovenia-2026.si\/index.php?rest_route=\/wp\/v2\/pages"}],"about":[{"href":"https:\/\/iku-slovenia-2026.si\/index.php?rest_route=\/wp\/v2\/types\/page"}],"author":[{"embeddable":true,"href":"https:\/\/iku-slovenia-2026.si\/index.php?rest_route=\/wp\/v2\/users\/1"}],"replies":[{"embeddable":true,"href":"https:\/\/iku-slovenia-2026.si\/index.php?rest_route=%2Fwp%2Fv2%2Fcomments&post=97"}],"version-history":[{"count":4,"href":"https:\/\/iku-slovenia-2026.si\/index.php?rest_route=\/wp\/v2\/pages\/97\/revisions"}],"predecessor-version":[{"id":489,"href":"https:\/\/iku-slovenia-2026.si\/index.php?rest_route=\/wp\/v2\/pages\/97\/revisions\/489"}],"wp:attachment":[{"href":"https:\/\/iku-slovenia-2026.si\/index.php?rest_route=%2Fwp%2Fv2%2Fmedia&parent=97"}],"curies":[{"name":"wp","href":"https:\/\/api.w.org\/{rel}","templated":true}]}}

<blockquote class="wp-block-quote is-layout-flow wp-block-quote-is-layout-flow">
<h2 class="wp-block-heading">KRAJI ZA OBISK</h2>



<h3 class="wp-block-heading">Doživite Koper in Slovenijo med svetovnim prvenstvom v karateju 2026</h3>



<p>Svetovno prvenstvo v karateju 2026 v Kopru ne bo le športni dogodek – bo priložnost, da odkrijete čudovito slovensko Istro in bližnje znamenitosti! Podaljšajte svoj obisk in doživite morje, zgodovino, kulinariko in naravo, kot je nikjer drugje.</p>



<h5 class="wp-block-heading">Koper – biser slovenske obale</h5>



<ul class="wp-block-list">
<li>Titov trg&nbsp;z veličastno&nbsp;Pretorsko palačo</li>



<li>Stolnica sv. Nazarija&nbsp;– najstarejša v Sloveniji</li>



<li>Obmorski sprehod, tržnica in pristno mediteransko vzdušje</li>



<li>Pokrajinski muzej Koper, ki razkriva zgodbe tisočletij</li>



<li>Koper združuje bogato beneško dediščino, sodoben utrip in sproščeno obmorsko energijo.</li>
</ul>



<h5 class="wp-block-heading">Iz obale v srce Mediterana</h5>



<ul class="wp-block-list">
<li>Piran&nbsp;– romantično mesto z ozkimi ulicami in Tartinijevim trgom</li>



<li>Izola&nbsp;– nekdanja ribiška vas s pristno istrsko kulinariko</li>



<li>Portorož&nbsp;– elegantno letovišče z wellness ponudbo in živahnim nočnim življenjem</li>



<li>Tri mesta, tri zgodbe – vsaka s svojim čarom.</li>
</ul>



<h5 class="wp-block-heading">Od morja do Krasa</h5>



<ul class="wp-block-list">
<li>Postojnska jama&nbsp;– svetovno znano kraško čudo</li>



<li>Predjamski grad&nbsp;– pravljični grad v skali</li>



<li>Škocjanske jame (UNESCO)&nbsp;– veličastno podzemno kraljestvo</li>



<li>Kras in Slovenska Istra&nbsp;– dom pršuta, vina terana, oljčnega olja in tartufov</li>



<li>Idealno za enodnevne izlete med tekmovanjem ali po njem!</li>
</ul>



<h5 class="wp-block-heading">Okusite Istro</h5>



<ul class="wp-block-list">
<li>Prepustite se okusom domače Istre – oljčno olje, vino, tartufi in sveže morske jedi. Lokalni vodniki vam bodo pomagali odkriti skrite bisere istrske kulinarike in vinskih cest.</li>
</ul>



<h5 class="wp-block-heading">Načrtujete ogled?</h5>



<ul class="wp-block-list">
<li>Z veseljem vam pomagamo načrtovati izlet po meri – od kulturnih ogledov do kulinaričnih doživetij. Naša ekipa vam bo svetovala in poiskala najboljšo ponudbo glede na vaše želje, čas in proračun.</li>
</ul>



<h3 class="wp-block-heading has-text-align-center"><mark style="background-color:rgba(0, 0, 0, 0)" class="has-inline-color has-primary-color">Pošljite povpraševanje</mark></h3>
</blockquote>
