{"id":88,"date":"2025-09-22T18:18:58","date_gmt":"2025-09-22T18:18:58","guid":{"rendered":"https:\/\/iku-slovenia-2026.si\/?page_id=88"},"modified":"2025-10-15T13:13:48","modified_gmt":"2025-10-15T13:13:48","slug":"are-bonifika-koper","status":"publish","type":"page","link":"https:\/\/iku-slovenia-2026.si\/?page_id=88","title":{"rendered":"ARENA BONIFIKA KOPER"},"content":{"rendered":"\n<blockquote class=\"wp-block-quote is-layout-flow wp-block-quote-is-layout-flow\">\n<h2 class=\"wp-block-heading\">ARENA BONIFIKA KOPER<\/h2>\n\n\n\n<p><mark style=\"background-color:rgba(0, 0, 0, 0)\" class=\"has-inline-color has-footer-background-color\">Gre za sodobno ve\u010dnamensko \u0161portno dvorano s kapaciteto 3.708 sede\u017eev in glavno dvorano v velikosti 2.000 m\u00b2.Arena je primerna za izvedbo ve\u010djih \u0161portnih dogodkov, tudi mednarodnega ranga. <\/mark><\/p>\n\n\n\n<p><mark style=\"background-color:rgba(0, 0, 0, 0)\" class=\"has-inline-color has-footer-background-color\">V \u010dasu prvenstva bo v njej organiziran poseben prostor za ogrevanje, opremljen s tatami blazinami, ki bodo omogo\u010dale optimalne pogoje za pripravo tekmovalcev. V glavni dvorani bo name\u0161\u010denih najmanj 6 tatami blazin za tekmovalni del, z mo\u017enostjo raz\u0161iritve na vsaj 8.<\/mark><\/p>\n\n\n\n<p><mark style=\"background-color:rgba(0, 0, 0, 0)\" class=\"has-inline-color has-footer-background-color\">Objekt vklju\u010duje tudi dodatne vadbene prostore, fitnes, keglji\u0161\u010de ter manj\u0161e dvorane za borilne ve\u0161\u010dine in druge \u0161portne dejavnosti, kar dodatno prispeva k njegovi funkcionalnosti.<\/mark><\/p>\n\n\n\n<figure class=\"wp-block-image size-large\"><img loading=\"lazy\" decoding=\"async\" width=\"1024\" height=\"564\" src=\"https:\/\/iku-slovenia-2026.si\/wp-content\/uploads\/2025\/10\/Arena-Bonifika-foto-Mestna-obcina-Koper-1024x564.jpg\" alt=\"\" class=\"wp-image-431\" srcset=\"https:\/\/iku-slovenia-2026.si\/wp-content\/uploads\/2025\/10\/Arena-Bonifika-foto-Mestna-obcina-Koper-1024x564.jpg 1024w, https:\/\/iku-slovenia-2026.si\/wp-content\/uploads\/2025\/10\/Arena-Bonifika-foto-Mestna-obcina-Koper-300x165.jpg 300w, https:\/\/iku-slovenia-2026.si\/wp-content\/uploads\/2025\/10\/Arena-Bonifika-foto-Mestna-obcina-Koper-768x423.jpg 768w, https:\/\/iku-slovenia-2026.si\/wp-content\/uploads\/2025\/10\/Arena-Bonifika-foto-Mestna-obcina-Koper-1536x846.jpg 1536w, https:\/\/iku-slovenia-2026.si\/wp-content\/uploads\/2025\/10\/Arena-Bonifika-foto-Mestna-obcina-Koper-2048x1128.jpg 2048w\" sizes=\"auto, (max-width: 1024px) 100vw, 1024px\" \/><\/figure>\n<\/blockquote>\n","protected":false},"excerpt":{"rendered":"","protected":false},"author":1,"featured_media":431,"parent":0,"menu_order":0,"comment_status":"closed","ping_status":"closed","template":"","meta":{"pagelayer_contact_templates":[],"_pagelayer_content":"","footnotes":""},"class_list":["post-88","page","type-page","status-publish","has-post-thumbnail","hentry"],"yoast_head":"<!-- This site is optimized with the Yoast SEO plugin v25.9 - https:\/\/yoast.com\/wordpress\/plugins\/seo\/ -->\n<title>ARENA BONIFIKA KOPER - IKU KARATE 2026<\/title>\n<meta name=\"robots\" content=\"index, follow, max-snippet:-1, max-image-preview:large, max-video-preview:-1\" \/>\n<link rel=\"canonical\" href=\"https:\/\/iku-slovenia-2026.si\/?page_id=88\" \/>\n<meta property=\"og:locale\" content=\"en_US\" \/>\n<meta property=\"og:type\" content=\"article\" \/>\n<meta property=\"og:title\" content=\"ARENA BONIFIKA KOPER - IKU KARATE 2026\" \/>\n<meta property=\"og:url\" content=\"https:\/\/iku-slovenia-2026.si\/?page_id=88\" \/>\n<meta property=\"og:site_name\" content=\"IKU KARATE 2026\" \/>\n<meta property=\"article:publisher\" content=\"https:\/\/www.facebook.com\/people\/Karate-klub-Novo-mesto-Karate-klub-rnomelj\/\" \/>\n<meta property=\"article:modified_time\" content=\"2025-10-15T13:13:48+00:00\" \/>\n<meta property=\"og:image\" content=\"https:\/\/iku-slovenia-2026.si\/wp-content\/uploads\/2025\/10\/Arena-Bonifika-foto-Mestna-obcina-Koper-scaled.jpg\" \/>\n\t<meta property=\"og:image:width\" content=\"2560\" \/>\n\t<meta property=\"og:image:height\" content=\"1409\" \/>\n\t<meta property=\"og:image:type\" content=\"image\/jpeg\" \/>\n<meta name=\"twitter:card\" content=\"summary_large_image\" \/>\n<meta name=\"twitter:label1\" content=\"Est. reading time\" \/>\n\t<meta name=\"twitter:data1\" content=\"1 minute\" \/>\n<script type=\"application\/ld+json\" class=\"yoast-schema-graph\">{\"@context\":\"https:\/\/schema.org\",\"@graph\":[{\"@type\":\"WebPage\",\"@id\":\"https:\/\/iku-slovenia-2026.si\/?page_id=88\",\"url\":\"https:\/\/iku-slovenia-2026.si\/?page_id=88\",\"name\":\"ARENA BONIFIKA KOPER - IKU KARATE 2026\",\"isPartOf\":{\"@id\":\"https:\/\/iku-slovenia-2026.si\/#website\"},\"primaryImageOfPage\":{\"@id\":\"https:\/\/iku-slovenia-2026.si\/?page_id=88#primaryimage\"},\"image\":{\"@id\":\"https:\/\/iku-slovenia-2026.si\/?page_id=88#primaryimage\"},\"thumbnailUrl\":\"https:\/\/iku-slovenia-2026.si\/wp-content\/uploads\/2025\/10\/Arena-Bonifika-foto-Mestna-obcina-Koper-scaled.jpg\",\"datePublished\":\"2025-09-22T18:18:58+00:00\",\"dateModified\":\"2025-10-15T13:13:48+00:00\",\"breadcrumb\":{\"@id\":\"https:\/\/iku-slovenia-2026.si\/?page_id=88#breadcrumb\"},\"inLanguage\":\"en-US\",\"potentialAction\":[{\"@type\":\"ReadAction\",\"target\":[\"https:\/\/iku-slovenia-2026.si\/?page_id=88\"]}]},{\"@type\":\"ImageObject\",\"inLanguage\":\"en-US\",\"@id\":\"https:\/\/iku-slovenia-2026.si\/?page_id=88#primaryimage\",\"url\":\"https:\/\/iku-slovenia-2026.si\/wp-content\/uploads\/2025\/10\/Arena-Bonifika-foto-Mestna-obcina-Koper-scaled.jpg\",\"contentUrl\":\"https:\/\/iku-slovenia-2026.si\/wp-content\/uploads\/2025\/10\/Arena-Bonifika-foto-Mestna-obcina-Koper-scaled.jpg\",\"width\":2560,\"height\":1409},{\"@type\":\"BreadcrumbList\",\"@id\":\"https:\/\/iku-slovenia-2026.si\/?page_id=88#breadcrumb\",\"itemListElement\":[{\"@type\":\"ListItem\",\"position\":1,\"name\":\"Home\",\"item\":\"https:\/\/iku-slovenia-2026.si\/\"},{\"@type\":\"ListItem\",\"position\":2,\"name\":\"ARENA BONIFIKA KOPER\"}]},{\"@type\":\"WebSite\",\"@id\":\"https:\/\/iku-slovenia-2026.si\/#website\",\"url\":\"https:\/\/iku-slovenia-2026.si\/\",\"name\":\"iku-slovenia-2026\",\"description\":\"\",\"publisher\":{\"@id\":\"https:\/\/iku-slovenia-2026.si\/#organization\"},\"potentialAction\":[{\"@type\":\"SearchAction\",\"target\":{\"@type\":\"EntryPoint\",\"urlTemplate\":\"https:\/\/iku-slovenia-2026.si\/?s={search_term_string}\"},\"query-input\":{\"@type\":\"PropertyValueSpecification\",\"valueRequired\":true,\"valueName\":\"search_term_string\"}}],\"inLanguage\":\"en-US\"},{\"@type\":\"Organization\",\"@id\":\"https:\/\/iku-slovenia-2026.si\/#organization\",\"name\":\"iku-slovenia-2026\",\"url\":\"https:\/\/iku-slovenia-2026.si\/\",\"logo\":{\"@type\":\"ImageObject\",\"inLanguage\":\"en-US\",\"@id\":\"https:\/\/iku-slovenia-2026.si\/#\/schema\/logo\/image\/\",\"url\":\"https:\/\/iku-slovenia-2026.si\/wp-content\/uploads\/2025\/09\/cropped-IZSEK-CGP-WORLD-CHAMPIONSHIP-1.png\",\"contentUrl\":\"https:\/\/iku-slovenia-2026.si\/wp-content\/uploads\/2025\/09\/cropped-IZSEK-CGP-WORLD-CHAMPIONSHIP-1.png\",\"width\":2000,\"height\":1413,\"caption\":\"iku-slovenia-2026\"},\"image\":{\"@id\":\"https:\/\/iku-slovenia-2026.si\/#\/schema\/logo\/image\/\"},\"sameAs\":[\"https:\/\/www.facebook.com\/people\/Karate-klub-Novo-mesto-Karate-klub-rnomelj\/\",\"https:\/\/www.youtube.com\/\",\"https:\/\/www.linkedin.com\/\"]}]}<\/script>\n<!-- \/ Yoast SEO plugin. -->","yoast_head_json":{"title":"ARENA BONIFIKA KOPER - IKU KARATE 2026","robots":{"index":"index","follow":"follow","max-snippet":"max-snippet:-1","max-image-preview":"max-image-preview:large","max-video-preview":"max-video-preview:-1"},"canonical":"https:\/\/iku-slovenia-2026.si\/?page_id=88","og_locale":"en_US","og_type":"article","og_title":"ARENA BONIFIKA KOPER - IKU KARATE 2026","og_url":"https:\/\/iku-slovenia-2026.si\/?page_id=88","og_site_name":"IKU KARATE 2026","article_publisher":"https:\/\/www.facebook.com\/people\/Karate-klub-Novo-mesto-Karate-klub-rnomelj\/","article_modified_time":"2025-10-15T13:13:48+00:00","og_image":[{"width":2560,"height":1409,"url":"https:\/\/iku-slovenia-2026.si\/wp-content\/uploads\/2025\/10\/Arena-Bonifika-foto-Mestna-obcina-Koper-scaled.jpg","type":"image\/jpeg"}],"twitter_card":"summary_large_image","twitter_misc":{"Est. reading time":"1 minute"},"schema":{"@context":"https:\/\/schema.org","@graph":[{"@type":"WebPage","@id":"https:\/\/iku-slovenia-2026.si\/?page_id=88","url":"https:\/\/iku-slovenia-2026.si\/?page_id=88","name":"ARENA BONIFIKA KOPER - IKU KARATE 2026","isPartOf":{"@id":"https:\/\/iku-slovenia-2026.si\/#website"},"primaryImageOfPage":{"@id":"https:\/\/iku-slovenia-2026.si\/?page_id=88#primaryimage"},"image":{"@id":"https:\/\/iku-slovenia-2026.si\/?page_id=88#primaryimage"},"thumbnailUrl":"https:\/\/iku-slovenia-2026.si\/wp-content\/uploads\/2025\/10\/Arena-Bonifika-foto-Mestna-obcina-Koper-scaled.jpg","datePublished":"2025-09-22T18:18:58+00:00","dateModified":"2025-10-15T13:13:48+00:00","breadcrumb":{"@id":"https:\/\/iku-slovenia-2026.si\/?page_id=88#breadcrumb"},"inLanguage":"en-US","potentialAction":[{"@type":"ReadAction","target":["https:\/\/iku-slovenia-2026.si\/?page_id=88"]}]},{"@type":"ImageObject","inLanguage":"en-US","@id":"https:\/\/iku-slovenia-2026.si\/?page_id=88#primaryimage","url":"https:\/\/iku-slovenia-2026.si\/wp-content\/uploads\/2025\/10\/Arena-Bonifika-foto-Mestna-obcina-Koper-scaled.jpg","contentUrl":"https:\/\/iku-slovenia-2026.si\/wp-content\/uploads\/2025\/10\/Arena-Bonifika-foto-Mestna-obcina-Koper-scaled.jpg","width":2560,"height":1409},{"@type":"BreadcrumbList","@id":"https:\/\/iku-slovenia-2026.si\/?page_id=88#breadcrumb","itemListElement":[{"@type":"ListItem","position":1,"name":"Home","item":"https:\/\/iku-slovenia-2026.si\/"},{"@type":"ListItem","position":2,"name":"ARENA BONIFIKA KOPER"}]},{"@type":"WebSite","@id":"https:\/\/iku-slovenia-2026.si\/#website","url":"https:\/\/iku-slovenia-2026.si\/","name":"iku-slovenia-2026","description":"","publisher":{"@id":"https:\/\/iku-slovenia-2026.si\/#organization"},"potentialAction":[{"@type":"SearchAction","target":{"@type":"EntryPoint","urlTemplate":"https:\/\/iku-slovenia-2026.si\/?s={search_term_string}"},"query-input":{"@type":"PropertyValueSpecification","valueRequired":true,"valueName":"search_term_string"}}],"inLanguage":"en-US"},{"@type":"Organization","@id":"https:\/\/iku-slovenia-2026.si\/#organization","name":"iku-slovenia-2026","url":"https:\/\/iku-slovenia-2026.si\/","logo":{"@type":"ImageObject","inLanguage":"en-US","@id":"https:\/\/iku-slovenia-2026.si\/#\/schema\/logo\/image\/","url":"https:\/\/iku-slovenia-2026.si\/wp-content\/uploads\/2025\/09\/cropped-IZSEK-CGP-WORLD-CHAMPIONSHIP-1.png","contentUrl":"https:\/\/iku-slovenia-2026.si\/wp-content\/uploads\/2025\/09\/cropped-IZSEK-CGP-WORLD-CHAMPIONSHIP-1.png","width":2000,"height":1413,"caption":"iku-slovenia-2026"},"image":{"@id":"https:\/\/iku-slovenia-2026.si\/#\/schema\/logo\/image\/"},"sameAs":["https:\/\/www.facebook.com\/people\/Karate-klub-Novo-mesto-Karate-klub-rnomelj\/","https:\/\/www.youtube.com\/","https:\/\/www.linkedin.com\/"]}]}},"_links":{"self":[{"href":"https:\/\/iku-slovenia-2026.si\/index.php?rest_route=\/wp\/v2\/pages\/88","targetHints":{"allow":["GET"]}}],"collection":[{"href":"https:\/\/iku-slovenia-2026.si\/index.php?rest_route=\/wp\/v2\/pages"}],"about":[{"href":"https:\/\/iku-slovenia-2026.si\/index.php?rest_route=\/wp\/v2\/types\/page"}],"author":[{"embeddable":true,"href":"https:\/\/iku-slovenia-2026.si\/index.php?rest_route=\/wp\/v2\/users\/1"}],"replies":[{"embeddable":true,"href":"https:\/\/iku-slovenia-2026.si\/index.php?rest_route=%2Fwp%2Fv2%2Fcomments&post=88"}],"version-history":[{"count":4,"href":"https:\/\/iku-slovenia-2026.si\/index.php?rest_route=\/wp\/v2\/pages\/88\/revisions"}],"predecessor-version":[{"id":469,"href":"https:\/\/iku-slovenia-2026.si\/index.php?rest_route=\/wp\/v2\/pages\/88\/revisions\/469"}],"wp:featuredmedia":[{"embeddable":true,"href":"https:\/\/iku-slovenia-2026.si\/index.php?rest_route=\/wp\/v2\/media\/431"}],"wp:attachment":[{"href":"https:\/\/iku-slovenia-2026.si\/index.php?rest_route=%2Fwp%2Fv2%2Fmedia&parent=88"}],"curies":[{"name":"wp","href":"https:\/\/api.w.org\/{rel}","templated":true}]}}

<blockquote class="wp-block-quote is-layout-flow wp-block-quote-is-layout-flow">
<h2 class="wp-block-heading">ARENA BONIFIKA KOPER</h2>



<p><mark style="background-color:rgba(0, 0, 0, 0)" class="has-inline-color has-footer-background-color">Gre za sodobno večnamensko športno dvorano s kapaciteto 3.708 sedežev in glavno dvorano v velikosti 2.000 m².Arena je primerna za izvedbo večjih športnih dogodkov, tudi mednarodnega ranga. </mark></p>



<p><mark style="background-color:rgba(0, 0, 0, 0)" class="has-inline-color has-footer-background-color">V času prvenstva bo v njej organiziran poseben prostor za ogrevanje, opremljen s tatami blazinami, ki bodo omogočale optimalne pogoje za pripravo tekmovalcev. V glavni dvorani bo nameščenih najmanj 6 tatami blazin za tekmovalni del, z možnostjo razširitve na vsaj 8.</mark></p>



<p><mark style="background-color:rgba(0, 0, 0, 0)" class="has-inline-color has-footer-background-color">Objekt vključuje tudi dodatne vadbene prostore, fitnes, kegljišče ter manjše dvorane za borilne veščine in druge športne dejavnosti, kar dodatno prispeva k njegovi funkcionalnosti.</mark></p>



<figure class="wp-block-image size-large"><img loading="lazy" decoding="async" width="1024" height="564" src="https://iku-slovenia-2026.si/wp-content/uploads/2025/10/Arena-Bonifika-foto-Mestna-obcina-Koper-1024x564.jpg" alt="" class="wp-image-431" srcset="https://iku-slovenia-2026.si/wp-content/uploads/2025/10/Arena-Bonifika-foto-Mestna-obcina-Koper-1024x564.jpg 1024w, https://iku-slovenia-2026.si/wp-content/uploads/2025/10/Arena-Bonifika-foto-Mestna-obcina-Koper-300x165.jpg 300w, https://iku-slovenia-2026.si/wp-content/uploads/2025/10/Arena-Bonifika-foto-Mestna-obcina-Koper-768x423.jpg 768w, https://iku-slovenia-2026.si/wp-content/uploads/2025/10/Arena-Bonifika-foto-Mestna-obcina-Koper-1536x846.jpg 1536w, https://iku-slovenia-2026.si/wp-content/uploads/2025/10/Arena-Bonifika-foto-Mestna-obcina-Koper-2048x1128.jpg 2048w" sizes="auto, (max-width: 1024px) 100vw, 1024px" /></figure>
</blockquote>
