{"id":825,"date":"2026-04-18T10:00:11","date_gmt":"2026-04-18T10:00:11","guid":{"rendered":"https:\/\/iku-slovenia-2026.si\/?page_id=825"},"modified":"2026-04-18T10:00:11","modified_gmt":"2026-04-18T10:00:11","slug":"povabilo-k-vclanitvi-v-kus-in-nastopu-na-iku-svetovnem-prvenstvu-2026","status":"publish","type":"page","link":"https:\/\/iku-slovenia-2026.si\/?page_id=825","title":{"rendered":"Povabilo k v\u010dlanitvi v KUS in nastopu na IKU svetovnem prvenstvu 2026"},"content":{"rendered":"\n<p>Spo\u0161tovani,<\/p>\n\n\n\n<p>v letu 2026 bo Slovenija gostila izjemen dogodek \u2013 IKU svetovno prvenstvo, ki bo potekalo med 22. in 25. oktobrom v Areni Bonifika v Kopru.<br>Kot organizatorji in kot slovenska karate skupnost imamo prilo\u017enost, da se predstavimo v najlep\u0161i lu\u010di \u2013&nbsp;<strong>\u0161tevil\u010dni, povezani in ponosni.&nbsp;<br><\/strong>Svojo prisotnost so potrdile \u017ee mnoge dr\u017eave sveta: Nepal, \u0160rilanka, Egipt, \u010cile, Meksiko, Ju\u017enoafri\u0161ka Republika, Algeria, Gambia, Pakistan, Brazilija&#8230;<\/p>\n\n\n\n<p>V Karate uniji Slovenije si iskreno \u017eelimo, da bi se dogodka udele\u017eili vsi slovenski karate klubi, ne glede na slog, organizacijsko pripadnost ali pretekle okoli\u0161\u010dine.<br><strong>Vabimo vas, da se v\u010dlanite v KUS in s tem omogo\u010dite svojim \u010dlanom nastop na svetovnem prvenstvu.<\/strong><\/p>\n\n\n\n<p>To prvenstvo je prilo\u017enost za vse:<br>\u2013 za najmlaj\u0161e, da prvi\u010d stopijo na svetovni tatami,<br>\u2013 za izku\u0161ene tekmovalce, da poka\u017eejo svoje znanje,<br>\u2013 za veterane, da znova za\u010dutijo tekmovalni utrip,<br>\u2013 za para karateiste, da dobijo prostor, ki si ga zaslu\u017eijo,<br>\u2013 za klube, da okrepijo svoj ugled v lokalnem okolju.<\/p>\n\n\n\n<p>Pomembno je, da pogledamo naprej in izkoristimo prilo\u017enost, ki koristi vsem klubom in celotni slovenski karate skupnosti. Vsak klub ima mo\u017enost, da v tem dogodku vidi svojo korist:<br>\u2013 ve\u010djo prepoznavnost,&nbsp;<br>\u2013 podporo lokalne skupnosti,&nbsp;\u2013 ve\u010dje zanimanje mladih,&nbsp;\u2013 dodatno sofinanciranje,&nbsp;\u2013 povabila na ob\u010dinske sprejeme in \u0161e mnogo ve\u010d.<br>Da ne bi pomotoma izpustili kogarkoli iz slovenske karate skupnosti, vas vljudno prosimo, da to informacijo delite tudi z drugimi klubi, trenerji in posamezniki, s katerimi sodelujete.<br>S tem boste pomagali zagotoviti, da ima prav vsak mo\u017enost sodelovati in se vam za to \u017ee vnaprej iskreno zahvaljujemo.<br>Kot doma\u010dini prvenstva si \u017eelimo, da Slovenija nastopi v \u010dim ve\u010djem \u0161tevilu in ponovi uspeh iz leta 2023, ko smo na evropskem prvenstvu v Novem mestu osvojili 3. mesto v skupnem se\u0161tevku.<br><strong>Vabimo vas, da se nam pridru\u017eite.&nbsp;<\/strong>Prosimo, da si preberete prilo\u017eena dokumenta.&nbsp;<br>Odprti smo za pogovor, vpra\u0161anja in sodelovanje.<\/p>\n\n\n\n<p>V duhu karateja in prihajajo\u010dega svetovnega prvenstva vas lepo pozdravljam,<\/p>\n\n\n\n<p>Karolina Horn \u00a0<br>predsednica organizacijskega odbora IKU svetovnega prvenstva<br>sekretar Karate unije Slovenije<\/p>\n\n\n\n<p><img loading=\"lazy\" decoding=\"async\" width=\"20\" height=\"20\" src=\"https:\/\/mail.google.com\/mail\/u\/0?ui=2&amp;ik=8e1d628a80&amp;attid=0.0.1&amp;permmsgid=msg-f:1862551936570856523&amp;th=19d91d1e3b05944b&amp;view=fimg&amp;fur=ip&amp;permmsgid=msg-f:1862551936570856523&amp;sz=s0-l75-ft&amp;attbid=ANGjdJ-zvl5Wki4YwfwMApxFsxXbzky1PYUKCNh8dPKb6zdTcZ1uHs1lAD6WutxQIHB3JhciLdu0OC4jBVKYwPsPZkBdVttuMvviQ8nwCyWgwIHq2Y6DPmMKNyEWWDU&amp;disp=emb&amp;realattid=ii_mo04tkjq0&amp;zw\" alt=\"image.png\">\u00a0070 760 337<br><img loading=\"lazy\" decoding=\"async\" width=\"20\" height=\"20\" src=\"https:\/\/mail.google.com\/mail\/u\/0?ui=2&amp;ik=8e1d628a80&amp;attid=0.0.2&amp;permmsgid=msg-f:1862551936570856523&amp;th=19d91d1e3b05944b&amp;view=fimg&amp;fur=ip&amp;permmsgid=msg-f:1862551936570856523&amp;sz=s0-l75-ft&amp;attbid=ANGjdJ8xsXecjudrRS7msGU893MnmHuafhtRWoO2_okPC05pXbsPCIaDUkeApAaR5GigGJnwscdpX78q58H0mA7XeR5bkN5rFwhgV58Qpp_77nbhhsXnm63wo7advy4&amp;disp=emb&amp;realattid=ii_mo04tvvt1&amp;zw\" alt=\"image.png\"><a href=\"mailto:karolinahorn8@gmail.com\" target=\"_blank\" rel=\"noreferrer noopener\">karolinahorn8@gmail.com<\/a><\/p>\n\n\n\n<figure class=\"wp-block-image\"><img decoding=\"async\" src=\"https:\/\/mail.google.com\/mail\/u\/0?ui=2&amp;ik=8e1d628a80&amp;attid=0.0.3&amp;permmsgid=msg-f:1862551936570856523&amp;th=19d91d1e3b05944b&amp;view=fimg&amp;fur=ip&amp;permmsgid=msg-f:1862551936570856523&amp;sz=s0-l75-ft&amp;attbid=ANGjdJ-8jjdRAVVPg5McmerzuKMkFBRECagGPeLsRCg7KacqwWVOYdj8Tm6tTnL3EtuV2fMENpsl31FIZO1eTg7eRaXGogLxTtQ-fgo-2ZI9_XgLzhp_HUVBR9ohklE&amp;disp=emb&amp;realattid=ii_mo04vazh3&amp;zw\" alt=\"image.png\"\/><\/figure>\n\n\n\n<div data-wp-interactive=\"core\/file\" class=\"wp-block-file\"><object data-wp-bind--hidden=\"!state.hasPdfPreview\" hidden class=\"wp-block-file__embed\" data=\"https:\/\/iku-slovenia-2026.si\/wp-content\/uploads\/2026\/04\/Letna-registracija-KUS-2026-PRIJAVNICA.pdf\" type=\"application\/pdf\" style=\"width:100%;height:600px\" aria-label=\"Embed of Letna registracija KUS 2026-PRIJAVNICA.\"><\/object><a id=\"wp-block-file--media-7f0bb95a-1209-467b-9422-e4025348eeca\" href=\"https:\/\/iku-slovenia-2026.si\/wp-content\/uploads\/2026\/04\/Letna-registracija-KUS-2026-PRIJAVNICA.pdf\">Letna registracija KUS 2026-PRIJAVNICA<\/a><a href=\"https:\/\/iku-slovenia-2026.si\/wp-content\/uploads\/2026\/04\/Letna-registracija-KUS-2026-PRIJAVNICA.pdf\" class=\"wp-block-file__button wp-element-button\" download aria-describedby=\"wp-block-file--media-7f0bb95a-1209-467b-9422-e4025348eeca\">Download<\/a><\/div>\n\n\n\n<div data-wp-interactive=\"core\/file\" class=\"wp-block-file\"><object data-wp-bind--hidden=\"!state.hasPdfPreview\" hidden class=\"wp-block-file__embed\" data=\"https:\/\/iku-slovenia-2026.si\/wp-content\/uploads\/2026\/04\/Letna-registracija-KUS-2026-DOPIS.pdf\" type=\"application\/pdf\" style=\"width:100%;height:200px\" aria-label=\"Embed of Letna registracija KUS 2026-DOPIS.\"><\/object><a id=\"wp-block-file--media-998631f6-e620-406a-adcb-d9668bd2955a\" href=\"https:\/\/iku-slovenia-2026.si\/wp-content\/uploads\/2026\/04\/Letna-registracija-KUS-2026-DOPIS.pdf\">Letna registracija KUS 2026-DOPIS<\/a><a href=\"https:\/\/iku-slovenia-2026.si\/wp-content\/uploads\/2026\/04\/Letna-registracija-KUS-2026-DOPIS.pdf\" class=\"wp-block-file__button wp-element-button\" download aria-describedby=\"wp-block-file--media-998631f6-e620-406a-adcb-d9668bd2955a\">Download<\/a><\/div>\n","protected":false},"excerpt":{"rendered":"<p>Spo\u0161tovani, v letu 2026 bo Slovenija gostila izjemen dogodek \u2013 IKU svetovno prvenstvo, ki bo potekalo med 22. in 25. oktobrom v Areni Bonifika v Kopru.Kot organizatorji in kot slovenska karate skupnost imamo prilo\u017enost, da se predstavimo v najlep\u0161i lu\u010di \u2013&nbsp;\u0161tevil\u010dni, povezani in ponosni.&nbsp;Svojo prisotnost so potrdile \u017ee mnoge dr\u017eave sveta: Nepal, \u0160rilanka, Egipt, \u010cile, [&hellip;]<\/p>\n","protected":false},"author":1,"featured_media":0,"parent":0,"menu_order":0,"comment_status":"closed","ping_status":"closed","template":"","meta":{"pagelayer_contact_templates":[],"_pagelayer_content":"","footnotes":""},"class_list":["post-825","page","type-page","status-publish","hentry"],"yoast_head":"<!-- This site is optimized with the Yoast SEO plugin v25.9 - https:\/\/yoast.com\/wordpress\/plugins\/seo\/ -->\n<title>Povabilo k v\u010dlanitvi v KUS in nastopu na IKU svetovnem prvenstvu 2026 - IKU KARATE 2026<\/title>\n<meta name=\"robots\" content=\"index, follow, max-snippet:-1, max-image-preview:large, max-video-preview:-1\" \/>\n<link rel=\"canonical\" href=\"https:\/\/iku-slovenia-2026.si\/?page_id=825\" \/>\n<meta property=\"og:locale\" content=\"en_US\" \/>\n<meta property=\"og:type\" content=\"article\" \/>\n<meta property=\"og:title\" content=\"Povabilo k v\u010dlanitvi v KUS in nastopu na IKU svetovnem prvenstvu 2026 - IKU KARATE 2026\" \/>\n<meta property=\"og:description\" content=\"Spo\u0161tovani, v letu 2026 bo Slovenija gostila izjemen dogodek \u2013 IKU svetovno prvenstvo, ki bo potekalo med 22. in 25. oktobrom v Areni Bonifika v Kopru.Kot organizatorji in kot slovenska karate skupnost imamo prilo\u017enost, da se predstavimo v najlep\u0161i lu\u010di \u2013&nbsp;\u0161tevil\u010dni, povezani in ponosni.&nbsp;Svojo prisotnost so potrdile \u017ee mnoge dr\u017eave sveta: Nepal, \u0160rilanka, Egipt, \u010cile, [&hellip;]\" \/>\n<meta property=\"og:url\" content=\"https:\/\/iku-slovenia-2026.si\/?page_id=825\" \/>\n<meta property=\"og:site_name\" content=\"IKU KARATE 2026\" \/>\n<meta property=\"article:publisher\" content=\"https:\/\/www.facebook.com\/people\/Karate-klub-Novo-mesto-Karate-klub-rnomelj\/\" \/>\n<meta property=\"og:image\" content=\"https:\/\/mail.google.com\/mail\/u\/0?ui=2&amp;ik=8e1d628a80&amp;attid=0.0.1&amp;permmsgid=msg-f:1862551936570856523&amp;th=19d91d1e3b05944b&amp;view=fimg&amp;fur=ip&amp;permmsgid=msg-f:1862551936570856523&amp;sz=s0-l75-ft&amp;attbid=ANGjdJ-zvl5Wki4YwfwMApxFsxXbzky1PYUKCNh8dPKb6zdTcZ1uHs1lAD6WutxQIHB3JhciLdu0OC4jBVKYwPsPZkBdVttuMvviQ8nwCyWgwIHq2Y6DPmMKNyEWWDU&amp;disp=emb&amp;realattid=ii_mo04tkjq0&amp;zw\" \/>\n<meta name=\"twitter:card\" content=\"summary_large_image\" \/>\n<meta name=\"twitter:label1\" content=\"Est. reading time\" \/>\n\t<meta name=\"twitter:data1\" content=\"3 minutes\" \/>\n<script type=\"application\/ld+json\" class=\"yoast-schema-graph\">{\"@context\":\"https:\/\/schema.org\",\"@graph\":[{\"@type\":\"WebPage\",\"@id\":\"https:\/\/iku-slovenia-2026.si\/?page_id=825\",\"url\":\"https:\/\/iku-slovenia-2026.si\/?page_id=825\",\"name\":\"Povabilo k v\u010dlanitvi v KUS in nastopu na IKU svetovnem prvenstvu 2026 - IKU KARATE 2026\",\"isPartOf\":{\"@id\":\"https:\/\/iku-slovenia-2026.si\/#website\"},\"primaryImageOfPage\":{\"@id\":\"https:\/\/iku-slovenia-2026.si\/?page_id=825#primaryimage\"},\"image\":{\"@id\":\"https:\/\/iku-slovenia-2026.si\/?page_id=825#primaryimage\"},\"thumbnailUrl\":\"https:\/\/mail.google.com\/mail\/u\/0?ui=2&amp;ik=8e1d628a80&amp;attid=0.0.1&amp;permmsgid=msg-f:1862551936570856523&amp;th=19d91d1e3b05944b&amp;view=fimg&amp;fur=ip&amp;permmsgid=msg-f:1862551936570856523&amp;sz=s0-l75-ft&amp;attbid=ANGjdJ-zvl5Wki4YwfwMApxFsxXbzky1PYUKCNh8dPKb6zdTcZ1uHs1lAD6WutxQIHB3JhciLdu0OC4jBVKYwPsPZkBdVttuMvviQ8nwCyWgwIHq2Y6DPmMKNyEWWDU&amp;disp=emb&amp;realattid=ii_mo04tkjq0&amp;zw\",\"datePublished\":\"2026-04-18T10:00:11+00:00\",\"breadcrumb\":{\"@id\":\"https:\/\/iku-slovenia-2026.si\/?page_id=825#breadcrumb\"},\"inLanguage\":\"en-US\",\"potentialAction\":[{\"@type\":\"ReadAction\",\"target\":[\"https:\/\/iku-slovenia-2026.si\/?page_id=825\"]}]},{\"@type\":\"ImageObject\",\"inLanguage\":\"en-US\",\"@id\":\"https:\/\/iku-slovenia-2026.si\/?page_id=825#primaryimage\",\"url\":\"https:\/\/mail.google.com\/mail\/u\/0?ui=2&amp;ik=8e1d628a80&amp;attid=0.0.1&amp;permmsgid=msg-f:1862551936570856523&amp;th=19d91d1e3b05944b&amp;view=fimg&amp;fur=ip&amp;permmsgid=msg-f:1862551936570856523&amp;sz=s0-l75-ft&amp;attbid=ANGjdJ-zvl5Wki4YwfwMApxFsxXbzky1PYUKCNh8dPKb6zdTcZ1uHs1lAD6WutxQIHB3JhciLdu0OC4jBVKYwPsPZkBdVttuMvviQ8nwCyWgwIHq2Y6DPmMKNyEWWDU&amp;disp=emb&amp;realattid=ii_mo04tkjq0&amp;zw\",\"contentUrl\":\"https:\/\/mail.google.com\/mail\/u\/0?ui=2&amp;ik=8e1d628a80&amp;attid=0.0.1&amp;permmsgid=msg-f:1862551936570856523&amp;th=19d91d1e3b05944b&amp;view=fimg&amp;fur=ip&amp;permmsgid=msg-f:1862551936570856523&amp;sz=s0-l75-ft&amp;attbid=ANGjdJ-zvl5Wki4YwfwMApxFsxXbzky1PYUKCNh8dPKb6zdTcZ1uHs1lAD6WutxQIHB3JhciLdu0OC4jBVKYwPsPZkBdVttuMvviQ8nwCyWgwIHq2Y6DPmMKNyEWWDU&amp;disp=emb&amp;realattid=ii_mo04tkjq0&amp;zw\"},{\"@type\":\"BreadcrumbList\",\"@id\":\"https:\/\/iku-slovenia-2026.si\/?page_id=825#breadcrumb\",\"itemListElement\":[{\"@type\":\"ListItem\",\"position\":1,\"name\":\"Home\",\"item\":\"https:\/\/iku-slovenia-2026.si\/\"},{\"@type\":\"ListItem\",\"position\":2,\"name\":\"Povabilo k v\u010dlanitvi v KUS in nastopu na IKU svetovnem prvenstvu 2026\"}]},{\"@type\":\"WebSite\",\"@id\":\"https:\/\/iku-slovenia-2026.si\/#website\",\"url\":\"https:\/\/iku-slovenia-2026.si\/\",\"name\":\"iku-slovenia-2026\",\"description\":\"\",\"publisher\":{\"@id\":\"https:\/\/iku-slovenia-2026.si\/#organization\"},\"potentialAction\":[{\"@type\":\"SearchAction\",\"target\":{\"@type\":\"EntryPoint\",\"urlTemplate\":\"https:\/\/iku-slovenia-2026.si\/?s={search_term_string}\"},\"query-input\":{\"@type\":\"PropertyValueSpecification\",\"valueRequired\":true,\"valueName\":\"search_term_string\"}}],\"inLanguage\":\"en-US\"},{\"@type\":\"Organization\",\"@id\":\"https:\/\/iku-slovenia-2026.si\/#organization\",\"name\":\"iku-slovenia-2026\",\"url\":\"https:\/\/iku-slovenia-2026.si\/\",\"logo\":{\"@type\":\"ImageObject\",\"inLanguage\":\"en-US\",\"@id\":\"https:\/\/iku-slovenia-2026.si\/#\/schema\/logo\/image\/\",\"url\":\"https:\/\/iku-slovenia-2026.si\/wp-content\/uploads\/2025\/09\/cropped-IZSEK-CGP-WORLD-CHAMPIONSHIP-1.png\",\"contentUrl\":\"https:\/\/iku-slovenia-2026.si\/wp-content\/uploads\/2025\/09\/cropped-IZSEK-CGP-WORLD-CHAMPIONSHIP-1.png\",\"width\":2000,\"height\":1413,\"caption\":\"iku-slovenia-2026\"},\"image\":{\"@id\":\"https:\/\/iku-slovenia-2026.si\/#\/schema\/logo\/image\/\"},\"sameAs\":[\"https:\/\/www.facebook.com\/people\/Karate-klub-Novo-mesto-Karate-klub-rnomelj\/\",\"https:\/\/www.youtube.com\/\",\"https:\/\/www.linkedin.com\/\"]}]}<\/script>\n<!-- \/ Yoast SEO plugin. -->","yoast_head_json":{"title":"Povabilo k v\u010dlanitvi v KUS in nastopu na IKU svetovnem prvenstvu 2026 - IKU KARATE 2026","robots":{"index":"index","follow":"follow","max-snippet":"max-snippet:-1","max-image-preview":"max-image-preview:large","max-video-preview":"max-video-preview:-1"},"canonical":"https:\/\/iku-slovenia-2026.si\/?page_id=825","og_locale":"en_US","og_type":"article","og_title":"Povabilo k v\u010dlanitvi v KUS in nastopu na IKU svetovnem prvenstvu 2026 - IKU KARATE 2026","og_description":"Spo\u0161tovani, v letu 2026 bo Slovenija gostila izjemen dogodek \u2013 IKU svetovno prvenstvo, ki bo potekalo med 22. in 25. oktobrom v Areni Bonifika v Kopru.Kot organizatorji in kot slovenska karate skupnost imamo prilo\u017enost, da se predstavimo v najlep\u0161i lu\u010di \u2013&nbsp;\u0161tevil\u010dni, povezani in ponosni.&nbsp;Svojo prisotnost so potrdile \u017ee mnoge dr\u017eave sveta: Nepal, \u0160rilanka, Egipt, \u010cile, [&hellip;]","og_url":"https:\/\/iku-slovenia-2026.si\/?page_id=825","og_site_name":"IKU KARATE 2026","article_publisher":"https:\/\/www.facebook.com\/people\/Karate-klub-Novo-mesto-Karate-klub-rnomelj\/","og_image":[{"url":"https:\/\/mail.google.com\/mail\/u\/0?ui=2&amp;ik=8e1d628a80&amp;attid=0.0.1&amp;permmsgid=msg-f:1862551936570856523&amp;th=19d91d1e3b05944b&amp;view=fimg&amp;fur=ip&amp;permmsgid=msg-f:1862551936570856523&amp;sz=s0-l75-ft&amp;attbid=ANGjdJ-zvl5Wki4YwfwMApxFsxXbzky1PYUKCNh8dPKb6zdTcZ1uHs1lAD6WutxQIHB3JhciLdu0OC4jBVKYwPsPZkBdVttuMvviQ8nwCyWgwIHq2Y6DPmMKNyEWWDU&amp;disp=emb&amp;realattid=ii_mo04tkjq0&amp;zw","type":"","width":"","height":""}],"twitter_card":"summary_large_image","twitter_misc":{"Est. reading time":"3 minutes"},"schema":{"@context":"https:\/\/schema.org","@graph":[{"@type":"WebPage","@id":"https:\/\/iku-slovenia-2026.si\/?page_id=825","url":"https:\/\/iku-slovenia-2026.si\/?page_id=825","name":"Povabilo k v\u010dlanitvi v KUS in nastopu na IKU svetovnem prvenstvu 2026 - IKU KARATE 2026","isPartOf":{"@id":"https:\/\/iku-slovenia-2026.si\/#website"},"primaryImageOfPage":{"@id":"https:\/\/iku-slovenia-2026.si\/?page_id=825#primaryimage"},"image":{"@id":"https:\/\/iku-slovenia-2026.si\/?page_id=825#primaryimage"},"thumbnailUrl":"https:\/\/mail.google.com\/mail\/u\/0?ui=2&amp;ik=8e1d628a80&amp;attid=0.0.1&amp;permmsgid=msg-f:1862551936570856523&amp;th=19d91d1e3b05944b&amp;view=fimg&amp;fur=ip&amp;permmsgid=msg-f:1862551936570856523&amp;sz=s0-l75-ft&amp;attbid=ANGjdJ-zvl5Wki4YwfwMApxFsxXbzky1PYUKCNh8dPKb6zdTcZ1uHs1lAD6WutxQIHB3JhciLdu0OC4jBVKYwPsPZkBdVttuMvviQ8nwCyWgwIHq2Y6DPmMKNyEWWDU&amp;disp=emb&amp;realattid=ii_mo04tkjq0&amp;zw","datePublished":"2026-04-18T10:00:11+00:00","breadcrumb":{"@id":"https:\/\/iku-slovenia-2026.si\/?page_id=825#breadcrumb"},"inLanguage":"en-US","potentialAction":[{"@type":"ReadAction","target":["https:\/\/iku-slovenia-2026.si\/?page_id=825"]}]},{"@type":"ImageObject","inLanguage":"en-US","@id":"https:\/\/iku-slovenia-2026.si\/?page_id=825#primaryimage","url":"https:\/\/mail.google.com\/mail\/u\/0?ui=2&amp;ik=8e1d628a80&amp;attid=0.0.1&amp;permmsgid=msg-f:1862551936570856523&amp;th=19d91d1e3b05944b&amp;view=fimg&amp;fur=ip&amp;permmsgid=msg-f:1862551936570856523&amp;sz=s0-l75-ft&amp;attbid=ANGjdJ-zvl5Wki4YwfwMApxFsxXbzky1PYUKCNh8dPKb6zdTcZ1uHs1lAD6WutxQIHB3JhciLdu0OC4jBVKYwPsPZkBdVttuMvviQ8nwCyWgwIHq2Y6DPmMKNyEWWDU&amp;disp=emb&amp;realattid=ii_mo04tkjq0&amp;zw","contentUrl":"https:\/\/mail.google.com\/mail\/u\/0?ui=2&amp;ik=8e1d628a80&amp;attid=0.0.1&amp;permmsgid=msg-f:1862551936570856523&amp;th=19d91d1e3b05944b&amp;view=fimg&amp;fur=ip&amp;permmsgid=msg-f:1862551936570856523&amp;sz=s0-l75-ft&amp;attbid=ANGjdJ-zvl5Wki4YwfwMApxFsxXbzky1PYUKCNh8dPKb6zdTcZ1uHs1lAD6WutxQIHB3JhciLdu0OC4jBVKYwPsPZkBdVttuMvviQ8nwCyWgwIHq2Y6DPmMKNyEWWDU&amp;disp=emb&amp;realattid=ii_mo04tkjq0&amp;zw"},{"@type":"BreadcrumbList","@id":"https:\/\/iku-slovenia-2026.si\/?page_id=825#breadcrumb","itemListElement":[{"@type":"ListItem","position":1,"name":"Home","item":"https:\/\/iku-slovenia-2026.si\/"},{"@type":"ListItem","position":2,"name":"Povabilo k v\u010dlanitvi v KUS in nastopu na IKU svetovnem prvenstvu 2026"}]},{"@type":"WebSite","@id":"https:\/\/iku-slovenia-2026.si\/#website","url":"https:\/\/iku-slovenia-2026.si\/","name":"iku-slovenia-2026","description":"","publisher":{"@id":"https:\/\/iku-slovenia-2026.si\/#organization"},"potentialAction":[{"@type":"SearchAction","target":{"@type":"EntryPoint","urlTemplate":"https:\/\/iku-slovenia-2026.si\/?s={search_term_string}"},"query-input":{"@type":"PropertyValueSpecification","valueRequired":true,"valueName":"search_term_string"}}],"inLanguage":"en-US"},{"@type":"Organization","@id":"https:\/\/iku-slovenia-2026.si\/#organization","name":"iku-slovenia-2026","url":"https:\/\/iku-slovenia-2026.si\/","logo":{"@type":"ImageObject","inLanguage":"en-US","@id":"https:\/\/iku-slovenia-2026.si\/#\/schema\/logo\/image\/","url":"https:\/\/iku-slovenia-2026.si\/wp-content\/uploads\/2025\/09\/cropped-IZSEK-CGP-WORLD-CHAMPIONSHIP-1.png","contentUrl":"https:\/\/iku-slovenia-2026.si\/wp-content\/uploads\/2025\/09\/cropped-IZSEK-CGP-WORLD-CHAMPIONSHIP-1.png","width":2000,"height":1413,"caption":"iku-slovenia-2026"},"image":{"@id":"https:\/\/iku-slovenia-2026.si\/#\/schema\/logo\/image\/"},"sameAs":["https:\/\/www.facebook.com\/people\/Karate-klub-Novo-mesto-Karate-klub-rnomelj\/","https:\/\/www.youtube.com\/","https:\/\/www.linkedin.com\/"]}]}},"_links":{"self":[{"href":"https:\/\/iku-slovenia-2026.si\/index.php?rest_route=\/wp\/v2\/pages\/825","targetHints":{"allow":["GET"]}}],"collection":[{"href":"https:\/\/iku-slovenia-2026.si\/index.php?rest_route=\/wp\/v2\/pages"}],"about":[{"href":"https:\/\/iku-slovenia-2026.si\/index.php?rest_route=\/wp\/v2\/types\/page"}],"author":[{"embeddable":true,"href":"https:\/\/iku-slovenia-2026.si\/index.php?rest_route=\/wp\/v2\/users\/1"}],"replies":[{"embeddable":true,"href":"https:\/\/iku-slovenia-2026.si\/index.php?rest_route=%2Fwp%2Fv2%2Fcomments&post=825"}],"version-history":[{"count":1,"href":"https:\/\/iku-slovenia-2026.si\/index.php?rest_route=\/wp\/v2\/pages\/825\/revisions"}],"predecessor-version":[{"id":828,"href":"https:\/\/iku-slovenia-2026.si\/index.php?rest_route=\/wp\/v2\/pages\/825\/revisions\/828"}],"wp:attachment":[{"href":"https:\/\/iku-slovenia-2026.si\/index.php?rest_route=%2Fwp%2Fv2%2Fmedia&parent=825"}],"curies":[{"name":"wp","href":"https:\/\/api.w.org\/{rel}","templated":true}]}}